*2 - 1/6*c**3 + u*c + 0. What is v(0)?
-2
Let j(m) = -2*m**2 + 19*m - 14. Suppose 14*t + 58 = 184. Determine j(t).
-5
Let p(i) be the second derivative of -i**3/3 - 3*i**2 - i. Let f be ((-4631)/(-44) - 3)*-1*4. Let c = 403 + f. What is p(c)?
6
Let c(x) = -2*x**3 + 15*x**2 - 6*x + 15. Let j(z) = 8*z**3 + 5 - 3*z**3 - 36 - 31*z**2 + z**2 + 14*z + z**2. Let h(v) = 7*c(v) + 3*j(v). Calculate h(-18).
12
Suppose -6*y + 2*y - g - 297 = 0, -5*y + 4*g - 387 = 0. Let q = 75 + y. Let h(j) = -9*j**3 + 142 - 141 + j**2 + 10*j**3. Determine h(q).
1
Let i = -3 - -4. Let s(v) = -9*v - 18*v**2 + 11*v - 2*v + 27*v**2. Give s(i).
9
Let u(z) = 2*z + 46. Let t be u(-5). Suppose 16*l - t*l + 40 = 0. Let f(o) = 1. Let q(p) = p - 2. Let v(a) = -f(a) - q(a). Calculate v(l).
-1
Let a(v) = 5*v + 7. Let t(r) = 4 - 20 + 26*r + 48 + 3. Let p(y) = -11*a(y) + 2*t(y). Let z be (0 + 5)/(2 - 3). Determine p(z).
8
Let n(z) = -91*z - 28. Let m(y) = -3*y + 13. Let r(w) = -2*m(w) - n(w). Calculate r(1).
99
Let h(y) = -2*y + 1. Let w be h(6). Let m(f) = 121 + 116 - f + 124 - 484 + 131. Calculate m(w).
19
Let q(a) = -18 - 13 + 47 - 76 - 60*a. Give q(-1).
0
Let h(m) = -3*m**2 + 23*m - 2. Suppose 74*j = 416 + 102. What is h(j)?
12
Let v(l) = -41*l**3 + 40*l**2 - 80*l + 653. Let d(m) = 99*m**3 - 96*m**2 + 192*m - 1567. Let x(z) = 12*d(z) + 29*v(z). Determine x(8).
5
Let n(f) = 3 + 0 - 6 - 10*f + 13*f. Let j be n(1). Let t(a) = a**2 - a - 1. Give t(j).
-1
Let u(j) be the third derivative of j**5/60 + j**4/24 - 4*j**3/3 + 47*j**2 - 9. Calculate u(-6).
22
Let u(b) = -3*b + 3. Let g(x) = -3 - 2 - 2 + 6*x. Let v be (-1 - (2 - 1)) + (-20)/(-4). Let j(k) = v*g(k) + 7*u(k). Calculate j(-1).
3
Let x(w) be the first derivative of -w**2 + 64 - 1/2*w**4 - w - 1/3*w**3. Determine x(-1).
2
Suppose 675*s + 4490 + 3227 = -7133. Let v(q) = 2*q - 74. Calculate v(s).
-118
Let c(k) = -k**2 - 46*k - 189. Let u be c(-41). Let i(y) = -y**3 + 15*y**2 + 15*y + 20. Determine i(u).
4
Let m(f) = -28*f**3 - 14*f**2 - 15*f - 30. Let q be m(-10). Let t(w) = -q - w + 26720 + 5*w**2. Give t(2).
18
Suppose -37952*v + 20 = -37932*v. Let h(d) = d**3 + 4*d**2 - 5*d. Let n(w) = -w + w**2 - 1 + 1 - w**3. Let g(o) = h(o) - 4*n(o). Give g(v).
4
Let l(u) = -u + 4. Suppose -g + x - 67 = 2, 348 = -5*g + 2*x. Let f = -67 - g. Let w be (3 - 0) + (-1 - (-3)/f). Give l(w).
1
Let w = -2217 - -2214. Let r(a) = 2*a - 7*a + 2 + 2. Give r(w).
19
Let b(l) = -31*l**3 + 25*l**2 + 20*l - 24. Let n(r) = 17*r**3 - 14*r**2 - 11*r + 13. Let g(t) = 6*b(t) + 11*n(t). Let u = 10 + -6. What is g(u)?
-5
Let m(g) be the third derivative of -g**6/120 + g**5/20 + g**4/24 + 2*g**3/3 + 18*g**2 + 27*g. What is m(3)?
7
Suppose 1458*z - 48 = 1446*z. Let u(n) be the first derivative of -4/3*n**3 - 16 + 4*n + 1/4*n**z - 3/2*n**2. Calculate u(4).
-8
Let y be 17 - ((-20)/(-24) + (-440)/(-48)). Let k(p) = -p**2 + 5*p + 41. What is k(y)?
27
Let n(o) be the third derivative of -19*o**4/24 + 11*o**3/3 + 23*o**2 + 136. Calculate n(4).
-54
Let j(h) = h**3 - 5*h**2 + 7. Let i(x) = -x**2 - 5*x + 2. Let c be i(-5). Suppose 5*m + g = -0*m + c, -8 = -5*m + g. Suppose 6 = a + m. Calculate j(a).
7
Let f(a) be the first derivative of -a**3/3 + a**2/2 - 2*a - 1. Let x(i) = -4*i - 13. Suppose -2*v + 0 - 8 = 0. Let s be x(v). Give f(s).
-8
Let r(f) = 7*f - 11. Let g be (-33)/(-8) - (18 - (-1573)/(-88)). Determine r(g).
17
Let s(z) = -13*z + 99. Let v(a) = -20*a + 149. Let c(o) = -8*s(o) + 5*v(o). Calculate c(15).
13
Let j(c) = -141*c + 238. Let s(l) = -329*l + 556. Let w(n) = 16*j(n) - 7*s(n). What is w(2)?
10
Let g(n) = 0 + 6*n - 5*n - 2*n + 2. Let m = 1044 - 1044. What is g(m)?
2
Let z(u) = -u**3 - 9*u**2 - u - 11. Let w(r) = r**2 - 8*r - 79. Let a be w(14). Suppose 0*t + 50 = -5*q - t, 0 = -a*t - 25. Give z(q).
-2
Let r(i) be the second derivative of -13/2*i**2 + 0 + 1/12*i**4 - 24*i - 5/3*i**3. What is r(11)?
-2
Let u(z) = -56597 + 28315 + 4*z + 28302. Determine u(-4).
4
Let a(d) be the third derivative of d**6/120 - 3*d**5/10 - d**4/2 - 41*d**3/6 + 1229*d**2. Determine a(19).
92
Let f(r) = -r**2 - 7*r + 52. Suppose -170 = 38*t - 72*t. Give f(t).
-8
Suppose 84*s = 82*s + 12. Let d(y) = -3 + 4*y - s - 2*y. What is d(4)?
-1
Let f(n) be the second derivative of n**5/20 + 5*n**4/12 - 13*n**3/6 + 2*n**2 + 2*n + 91. Give f(-7).
-3
Let y(r) = 17*r**2 - 72*r**3 + 6*r + 7 - 12*r**2 - 7*r**2. Let o be y(-2). Let c(j) = 559*j - o*j + 1 - 4. Determine c(-2).
5
Suppose 104*a - 110*a = -24. Let y(j) = -340*j + 342*j - 13 + a. Give y(0).
-9
Let v(u) = -2*u - 34. Let l be 2052/(-288) - (18/(-16))/9. Calculate v(l).
-20
Let r(b) = b - 6. Let f be 12/(-10)*8*60/(-288). Let d = 0 + 0. Let w be (d*(-2)/(-8))/f. Give r(w).
-6
Let o(j) = j**2 - j + 3. Let h(l) = 2*l + 56. Let f be h(-33). Suppose 60 = -3*d - 3*g, -77 = 4*d + 5*g + 7. Let i be -10*(d/f + -2). Give o(i).
15
Let z be (0*-4*9/72)/(-1). Let g(b) be the third derivative of 0*b - b**2 - 1/6*b**3 - 1/24*b**4 + z. Calculate g(5).
-6
Let f(w) = w + 17. Let u be f(-13). Let n(s) = -s**2 - 7*s + 6. Let y be n(-7). Let b(o) = -y*o + u*o - 31 + 29. Calculate b(-3).
4
Let t(m) = -25*m - 710. Let i(s) = 7*s + 238. Let n(g) = 14*i(g) + 5*t(g). Determine n(-8).
-2
Let f(r) = 16*r - 209 + 14 + 77 + 50 - r**2. What is f(8)?
-4
Let g(d) = d**3 - 8*d**2 - 2*d + 6. Suppose 11*k = 20*k - 108. Suppose -k*q = -92 - 4. What is g(q)?
-10
Let b(u) be the second derivative of u**5/20 + 11*u**4/12 + 5*u**3/3 + 7*u**2/2 + 5*u. Let w = 198 + -386. Let t = w - -178. What is b(t)?
7
Let z(x) be the first derivative of x**2/2 + 15*x + 1791. Give z(-2).
13
Let y(l) = 9*l**2 - 7*l - 7. Let x(a) = -16*a**2 + 13*a + 15. Let u(m) = 4*x(m) + 7*y(m). Let g(c) = -46*c - 178. Let p be g(-4). Determine u(p).
-7
Let d(p) = -3018*p**3 - 33*p - 3 + 6130*p**3 - 3025*p**3 + 35*p. Calculate d(1).
86
Let r(w) be the first derivative of 0*w**2 - 1/4*w**4 - 91 + 5*w + 11/3*w**3. What is r(11)?
5
Let d(p) = p**2 - 19*p - 300. Let i be 2 + 414/184*6*2. Give d(i).
-10
Let d(x) = -11*x + 4. Let p = -165 - -159. What is d(p)?
70
Let k(h) = -32*h - 182. Let j(i) = 12*i + 67. Let y(v) = -11*j(v) - 4*k(v). Let o(u) = -u**2 - 5*u + 7. Let f be o(-5). Determine y(f).
-37
Let t(h) be the first derivative of h**4/4 - 8*h**3 + 21*h**2/2 + 40*h + 9. Let i be t(23). Let s(d) = 4*d + 1. Determine s(i).
-23
Let c(d) be the third derivative of -d**6/120 + d**5/60 + d**4/24 - d**2 + 13. Suppose f - 1 = -6. Let a(z) = -z**2 - 7*z - 7. Let h be a(f). What is c(h)?
-15
Let f(z) = -33*z - 212. Suppose 331*v + 891 = 408 - 1503. Determine f(v).
-14
Let q(z) be the first derivative of -z**4/2 + z**2 + 2*z + 27968. Let y = -6 + 4. Give q(y).
14
Let a(j) = -j**3 + j**2 + 45*j - 18. Let u be (-43 - (-418)/19)*(0 + (-2)/6). Determine a(u).
3
Let t = -139 - -136. Let z(f) = 10*f**2 + 6*f + 2. Let h(i) = 9*i**2 + 5*i + 1. Let o(y) = 4*h(y) - 3*z(y). Calculate o(t).
46
Suppose 57*b = 56*b - 5*p - 7, b + 4*p = -6. Let l(s) = s**3 + 2*s**2 - 3*s - 3. Calculate l(b).
3
Let q(c) = c**3 - 25*c**2 - 118*c + 59. Let b(f) = f**3 + 2*f**2 + 60*f - 196. Let w be b(3). Give q(w).
1
Let o(j) = -6*j - 1. Let n(y) = 7*y + 2. Suppose 5*u + 3 = 4*i, 5*i - 112 = -5*u - 142. Let h = 10 - 14. Let g(b) = h*o(b) + u*n(b). Give g(-4).
-14
Suppose 2*s - 7 = 813*m - 816*m, -s - 28 = -3*m. Let b(i) be the first derivative of i**4/4 - 2*i**3 - 3*i**2 - 9*i - 2. Give b(m).
-2
Suppose 33*l = -26*l - 85*l + 144. Let z(d) = -6*d + 12. Give z(l).
6
Let r(h) = 9*h + 147. Let c(o) = 7*o + 153. Let l(q) = 2*c(q) - 3*r(q). Calculate l(-10).
-5
Let i(m) be the third derivative of -m**5/30 + 13*m**4/12 - 5*m**3 - 22*m**2 - 11. Give i(14).
-58
Suppose 2451 - 2523 = -8*j. Let i(a) = a**3 - 10*a**2 + 3*a + 2. What is i(j)?
-52
Let p(m) = -6*m - 1. Let v be p(-2). Suppose -v*x + 24 = -7*x. Let f(o) = 36*o - 24. Let b(y) = -7*y + 5. Let g(n) = -11*b(n) - 2*f(n). What is g(x)?
23
Let t = 284 - 281. Let h(p) = -7 + 5*p + t*p**2 + 4*p**2 - 12*p**2 + 4*p**2. Give h(5).
-7
Let d(s) = -2*s**3 - 2*s**2 + s. Let m(o) be the third derivative of -7*o**4/24 - 10*o**3/3 - 6*o**2. Let h be m(-4). Let t be 7/(-28) + (-14)/h. Give d(t).
6
Let a(z) = -2*z - 2. Let o be (-8)/14*133/(-38) - -1. Suppose o*x + 4*y = 22, x - 4*y + 0*y = 2. What is a(x)?
-14
Suppose 5*r = 2